**2 - 4*b + 56. What is m(6)?
-4
Let p(u) = 24*u - 4. Determine p(2).
44
Let q(h) = h**3 - 5*h**2 - 7*h - 5. What is q(7)?
44
Let d(n) = -n**3 - 15*n**2 - 14*n + 26. Calculate d(-14).
26
Let p(s) = 47*s - 2682. Give p(57).
-3
Let r(g) = 2*g - 26. What is r(10)?
-6
Let g(w) = 7*w + 54. Give g(-8).
-2
Let y(q) = -2*q**3 + 27*q**2 - 35*q - 15. What is y(12)?
-3
Let x(u) = -6*u**3 - u**2 + u + 2. Calculate x(-1).
6
Let g(l) = l**2 - 15*l + 34. Determine g(2).
8
Let y(k) = k**2 + 2*k + 3. Calculate y(-2).
3
Let b(u) = 6*u - 7. Give b(6).
29
Let t(y) = 2*y + 7. What is t(-6)?
-5
Let b(v) = -v**3 - v**2 + v - 2. What is b(2)?
-12
Let r(x) = -x**2 + 14*x - 19. Calculate r(2).
5
Let c(g) = -g**3 - 4*g**2 + 5*g - 3. Determine c(-4).
-23
Let u(l) = l + 5. Determine u(-11).
-6
Let w(y) = -21*y. Determine w(-1).
21
Let o(k) = k + 16. Give o(0).
16
Let j(o) = o**3 + 7*o**2 + 6*o + 13. What is j(-6)?
13
Let x(i) = 3*i**2 + 38*i. What is x(-13)?
13
Let q(c) = 3*c**3 - 9*c**2. Determine q(3).
0
Let j(l) = -l**2 - 3*l - 5. What is j(4)?
-33
Let a(i) = -3*i - 14. Give a(-6).
4
Let u(n) = -10*n + 56. Give u(5).
6
Let d(i) = -i**3 - 11*i**2 - 10*i + 11. Determine d(-10).
11
Let d(i) = i - 20. Calculate d(16).
-4
Let k(t) = -2*t**2 - 96*t - 93. Calculate k(-47).
1
Let i(l) = -l**2 - 7*l + 8. Calculate i(-6).
14
Let f(b) = -8*b + 13. Determine f(3).
-11
Let u(j) = j - 11. What is u(4)?
-7
Let w(h) = -18*h**2 + 1. Calculate w(-1).
-17
Let f(z) = -z**3 + 11*z**2 + 16*z - 29. Calculate f(12).
19
Let p(l) = -l**3 - 3*l**2 - 2*l + 1. Give p(-3).
7
Let t(o) = o**2 + 17*o + 59. Calculate t(-13).
7
Let s(w) = -71*w**3 + w**2 - 1. Determine s(1).
-71
Let k(f) = -10*f + 8. Determine k(2).
-12
Let w(m) = m**3 - 8*m**2 - m + 11. What is w(8)?
3
Let m(h) = h**3 - 12*h**2 + 25*h + 12. Give m(9).
-6
Let x(w) = 10*w**2 - 7*w + 8. Determine x(4).
140
Let m(c) = -c**2 - 27*c - 125. What is m(-7)?
15
Let n(q) = q + 2. Determine n(-9).
-7
Let u(t) = -2*t**2 + 11*t - 8. Give u(5).
-3
Let v(c) = -5*c + 3. Calculate v(1).
-2
Let g(q) = -18*q**2 + q. Give g(-2).
-74
Let p(j) = 2*j**2 - 44*j + 210. Determine p(7).
0
Let f(k) = k**3 - 7*k**2 + 2*k - 3. Calculate f(7).
11
Let m(r) = 12*r**3 + 3*r**2 - 1. Give m(-2).
-85
Let l(o) = 3*o**2 - 7*o + 5. Give l(4).
25
Let o(s) = s - 6. Determine o(-2).
-8
Let z(w) = 8*w + 13. Calculate z(-4).
-19
Let s(x) = 7*x**2 + 182*x + 2. Give s(-26).
2
Let k(g) = -g**2 + 2*g + 3. Calculate k(-2).
-5
Let q(u) = u**3 + 3*u**2 + 1. What is q(-4)?
-15
Let t(c) = -c**2 + 16*c + 72. Give t(20).
-8
Let g(t) = -t**2 + 6*t - 4. Determine g(4).
4
Let k(w) = -18*w - 131. What is k(-7)?
-5
Let z(u) = u**3 + 5*u**2 + 3*u - 2. What is z(-4)?
2
Let z(p) = -p - 4. Give z(5).
-9
Let w(z) = z**3 + 2*z**2 + 4*z - 14. What is w(2)?
10
Let z(p) = -p**3 - 11*p**2 - 15*p - 53. Give z(-10).
-3
Let w(c) = c**3 - 3*c**2 - 3*c + 2. Calculate w(4).
6
Let m(b) = 79*b**2 - 314*b - 1. Give m(4).
7
Let r(s) = 3*s - 1. Give r(8).
23
Let w(n) = n - 28. Determine w(12).
-16
Let j(z) = z**3 - 12*z**2 + 3*z - 13. Calculate j(12).
23
Let h(a) = 19*a + 93. What is h(-5)?
-2
Let c(t) = -4*t**2 - 14*t. Determine c(-4).
-8
Let p(s) = -3*s**3 + 3*s**2 - 19*s + 17. What is p(1)?
-2
Let f(g) = -20*g**3 - 2*g**2 - 2*g - 1. What is f(-1)?
19
Let u(h) = h**3 + h - 4. What is u(0)?
-4
Let f(c) = c**2 - 8*c + 10. What is f(7)?
3
Let s(d) = -d**2 + 13. Calculate s(7).
-36
Let q(c) = 3*c**3 - 14*c**2 - 5*c + 4. What is q(5)?
4
Let d(s) = 3*s + 8. What is d(-5)?
-7
Let j(v) = -v + 33. Calculate j(14).
19
Let c(d) = d**3 + d**2 - 5*d + 7. Calculate c(0).
7
Let d(l) = l**3 - 17*l**2 - 16*l - 8. Determine d(18).
28
Let p(q) = -2*q - 77. Give p(-38).
-1
Let j(s) = -38*s - 55. Determine j(-2).
21
Let j(z) = z**3 + 5*z**2 - 5*z - 4. Give j(-6).
-10
Let j(h) = -5*h - 9. What is j(-3)?
6
Let j(x) = -x**2 - 26*x + 121. What is j(-31)?
-34
Let x(o) = -o**2 - 8*o - 2. Calculate x(-6).
10
Let b(u) = -u**2 - 11*u - 23. What is b(-5)?
7
Let s(c) = -57*c**3 + c**2 - 3*c + 2. What is s(1)?
-57
Let q(f) = -3*f. What is q(3)?
-9
Let z(n) = -3*n**3 + 2*n**2 + n + 2. Determine z(2).
-12
Let h(j) = 7*j + 44. Calculate h(-4).
16
Let u(n) = 4*n + 5. Calculate u(-3).
-7
Let i(v) = 32*v + 24. What is i(-5)?
-136
Let i(p) = -p**3 + 10*p**2 + 5*p - 14. Give i(10).
36
Let v(x) = -2*x + 4. Calculate v(-3).
10
Let p(t) = -t**2 + 12*t + 51. Give p(14).
23
Let y(q) = 4*q + 1. What is y(-2)?
-7
Let x(k) = 2*k**2 + 2*k - 2. Give x(1).
2
Let g(m) = m**2 + 3*m + 9. Give g(-8).
49
Let w(v) = v**3 + 12*v**2 + 17*v + 52. Give w(-11).
-14
Let o(f) = -f**2 + 20*f - 77. Determine o(12).
19
Let h(f) = f**2 - 14*f + 7. Give h(13).
-6
Let x(z) = z**2 + 7*z - 1. Determine x(-7).
-1
Let b(q) = -2*q**2 + 29*q + 53. Give b(16).
5
Let n(v) = 2*v**2 - 21*v - 148. Determine n(-5).
7
Let h(x) = 2*x**2 + 2*x - 17. What is h(-6)?
43
Let g(r) = 2*r + 31. Give g(-17).
-3
Let l(w) = w**2 + 14*w + 5. Calculate l(-16).
37
Let b(t) = -t**2 + 3*t + 15. Calculate b(7).
-13
Let r(o) = 14*o**3 + o**2. Calculate r(1).
15
Let f(s) = 4*s + 2. Give f(9).
38
Let m(h) = 5*h + 154. Calculate m(-34).
-16
Let x(p) = -p**3 - 15*p**2 + 2*p + 22. What is x(-15)?
-8
Let s(i) = -i**3 - 9*i**2 + 19*i - 33. Calculate s(-11).
0
Let w(i) = i**2 + 3*i - 27. What is w(0)?
-27
Let p(u) = -35*u**3 + 1. Calculate p(1).
-34
Let a(s) = -s**3 - 2*s**2 + s - 7. Determine a(-3).
-1
Let s(i) = -3*i**2 - 1. Determine s(-1).
-4
Let l(w) = 14*w - 24. What is l(1)?
-10
Let t(o) = -20*o + 217. Calculate t(12).
-23
Let h(t) = -t**3 + 4*t**2 + 2. What is h(4)?
2
Let g(f) = -f**3 - 10*f**2 + 7*f - 22. What is g(-11)?
22
Let d(g) = 5*g**2 + 44*g - 4. Calculate d(-9).
5
Let m(v) = 4*v**2 - 3*v - 10. Determine m(2).
0
Let c(t) = -4*t**2 + 3. Calculate c(3).
-33
Let z(m) = 7*m - 58. What is z(10)?
12
Let s(n) = -2*n**3 + n**2 - 2*n - 1. Give s(2).
-17
Let s(j) = -j + 2. What is s(-8)?
10
Let t(v) = -v**3 + 4*v**2 + 3*v + 6. Calculate t(5).
-4
Let w(q) = q + 3. Determine w(10).
13
Let c(t) = -t + 15. Give c(19).
-4
Let p(l) = -l + 1. Calculate p(-9).
10
Let h(v) = v**2 - 12*v - 10. Determine h(13).
3
Let o(m) = -m**2 + 4*m + 9. Give o(-6).
-51
Let g(s) = -2*s - 4. What is g(-29)?
54
Let a(b) = 3*b**2 + 2*b - 2. Calculate a(1).
3
Let t(i) = 2*i**2 - 5*i - 2. Give t(4).
10
Let x(k) = 5*k - 22. Give x(6).
8
Let l(h) = h + 24. Determine l(-16).
8
Let q(d) = 31*d + 7. What is q(-2)?
-55
Let y(k) = -k**3 + 13*k**2 + 14*k + 6. Determine y(14).
6
Let n(y) = 2*y**2 - 39*y + 59. Calculate n(18).
5
Let g(l) = l**3 + 3*l**2 - 6*l + 9. Calculate g(3).
45
Let j(f) = -f - 16. Determine j(0).
-16
Let q(c) = -c**2 - 5*c + 29. What is q(-9)?
-7
Let f(y) = y**2 - 14*y + 41. Determine f(12).
17
Let g(c) = -c**3 + 7*c**2 - 7*c + 4. Calculate g(6).
-2
Let h(i) = i**3 + 5*i**2 + 2*i - 4. Determine h(-4).
4
Let x(f) = -f**3 + 16*f**2 + 2. Calculate x(16).
2
Let w(h) = -h + 1. Determine w(3).
-2
Let h(j) = -j**2 - 23*j + 248. What is h(-31)?
0
Let y(a) = a**2 - 22*a - 5. Calculate y(22).
-5
Let o(u) = u + 6. Give o(7).
13
Let y(u) = -u + 8. Give y(-8).
16
Let w(y) = 17*y**2 - 2*y + 1. What is w(1)?
16
Let k(t) = -t**3 + 23*t**2 - 21*t + 11. Give k(22).
33
Let v(u) = 2*u**3 - u**2 - 5. Give v(0).
-5
Let l(j) = 5*j + 1. Calculate l(1).
6
Let t(u) = 3*u - 16. Calculate t(7).
5
Let k(u) = 4*u + 151. Determine k(-41).
-13
Let p(w) = w**3 - w**2 + w - 26. Determine p(0).
-26
Let u(v) = -29*v + 92. Calculate u(3).
5
Let q(i) = 4*i + 3. Calculate q(2).
11
Let c(v) = -v + 13. Give c(6).
7
Let j(a) = -a**2 - 6*a + 19. Give j(-8).
3
Let p(q) = 2*q**2 + 7*q + 15. Calculate p(-4).
19
Let t(u) = -u**2 - 15*u + 1. Give t(-7).
57
Let b(q) = -q**2 - 3*q - 2. What is b(-4)?
-6
Let j(g) = g - 6. Determine j(11).
5
Let q(o) = o**2 - 3*o - 23. What is q(8)?
17
Let p(n) = -8*n**2 - 17*n - 6. Give p(-6).
-192
Let t(p) = -7*p - 143. Determine t(-22).
11
Let j(x) = -33*x**3 - 2*x + 1. Calculate j(1).
-34
Let f(n) = n**2 + 7*n + 17. Calculate f(-4).
5
Let v(q) = 26*q - 1. Calculate v(-1).
-27
Let a(r) = 10*r - 35. Give a(3).
-5
Let k(s) = -s**2 + 3*s + 2. Determine k(3).
2
Let t(d) = d**2 - 16*d + 22. Give t(14).
-6
Let k(o) = 70*o - 5. What is k(-2)?
-145
Let w(v) = -10*v**2 - 48*v - 4. What is w(-5)?
-14
Let h(s) = s**3 - 15*s**2 - s + 19. Give h(15).
4
Let g